2 - r**3 - 3*r**2 + 45721*r. Determine x(m).
-13
Let q(m) be the second derivative of -3*m**4/8 + m**3/6 + 45*m**2/2 - 22*m. Let z(o) be the first derivative of q(o). Let d = 17 + -18. Give z(d).
10
Let t(w) = -8*w**2 - 4*w - 11. Let q(h) = -6*h**2 - 4*h - 7. Let m(n) = -3*q(n) + 2*t(n). Calculate m(-3).
5
Let a(i) be the second derivative of -i**5/20 - i**4/2 + i**3/3 + 9*i**2/2 + 283*i. Calculate a(-6).
-3
Let i = -31 - -34. Suppose r - i = -8. Let f = -11 - r. Let k(p) = -p**3 - 7*p**2 - 5*p - 7. Determine k(f).
-13
Let j(d) = -d**3 - 50. Suppose -34*m + 9*m - 26*m - 7*m = 0. What is j(m)?
-50
Let q(a) = -4*a**3 + 3*a**2 + 2*a + 5. Let u(m) = 3*m**3 - 3*m**2 - m - 4. Let h(x) = 4*q(x) + 5*u(x). Suppose 3*n - 2*y = 577 - 589, 5*y = 0. Calculate h(n).
4
Let t(p) = 4858438*p + 4858448*p - 9716873*p - 2. Suppose 2*q - 17 = 3*m, 0*m + 13 = 3*q - 2*m. Determine t(q).
11
Let v be (6 - 5)/(-2)*(16 + 0). Let d(s) = 2*s**2 + 15*s - 5. Let f be d(v). Let q(u) = -4 - 4*u + 5 + u**2 + 0*u**f + u**3 + 2. Determine q(2).
7
Let o(v) = 7*v. Suppose -4*y = -3*y - 1, -l - 3*y - 53 = 0. Let q = 3 + 2. Let k be (14/l)/(-1 - q/(-4)). Calculate o(k).
-7
Let o(q) = q**3 + 2*q**2 - 4*q - 6. Let u be o(-2). Let g(r) = r**2 + 979 + 4*r - 976 - 3*r**3 + 0*r**u. Give g(-2).
23
Let c(q) = q**2 - 27*q + 140. Let j(s) = -4*s**3 + 68*s**2 + 25*s - 408. Let r be j(17). Give c(r).
-30
Suppose -58*v - 18*v = -176*v. Let y(b) = -4*b + 4*b + 11 + b**2 - b. Give y(v).
11
Let k(v) = -v**3 - v**2 + v + 1. Suppose 26*g - 19*g = 63. Suppose -4*i = f + g, -2*i + 3*i + 4 = -2*f. Determine k(i).
3
Let y(r) = 3*r**3 - 77*r**2 - 25*r - 22. Let u be y(26). Let g be ((-15)/(-6) + -1)*2. Let c(t) = -t**2 + 0*t**2 - 3*t + 8*t + g*t - 4. Give c(u).
12
Let b(o) be the second derivative of o**5/10 - 13*o**4/6 + 7*o**3/2 + 33*o**2/2 + 2601*o. Give b(12).
-3
Let s(r) be the first derivative of 11*r**3/3 - r**2/2 - 1. Suppose 21 + 57 = -75*m + 3. Determine s(m).
12
Let f(p) = -5*p + 12*p - 318*p**2 + 7 + 317*p**2. Let w be (-2)/10*-2 + (-474)/10. Let u = -41 - w. What is f(u)?
13
Suppose -2*g = g - 2*l - 43, l + 13 = g. Let n(d) = 24*d - 412. Calculate n(g).
-4
Let k(v) = -20*v - 20. Let o = -10945 - -10944. Calculate k(o).
0
Suppose -2*n + 2*t - 6*t + 130 = 0, -t + 225 = 4*n. Suppose 206*i - n = 201*i. Let x(q) = -q - 19 + 10 + 3 + i. Calculate x(-5).
10
Let u(t) be the first derivative of -7*t**4/4 - t**3/3 - t**2/2 + 1. Let g = 196 + -194. Let c(j) = -j**2 + 52*j - 101. Let n be c(g). What is u(n)?
7
Let y(i) = -5*i + 52. Let a be y(10). Let c(h) = -2*h**a + 1 + 4 - 3*h**2 + 6*h**2 + 2*h. What is c(-4)?
13
Suppose 16*g - 190 = -3*g. Let a(o) be the second derivative of -o**5/20 + 11*o**4/12 - 11*o**3/6 + o**2 - 2*o - 547. Determine a(g).
-8
Let c(i) = -i**2 - 19*i - 152. Let f(l) = 3*l**2 + 57*l + 434. Let k(g) = -8*c(g) - 3*f(g). Give k(-6).
-8
Let h = 171 - 168. Let i(u) = 6*u**3 + 1 + u - u**h - u**3. Calculate i(-1).
-4
Let m(v) be the second derivative of 0*v**3 - 86*v - 1/12*v**4 + 0 + 1/20*v**5 + 3/2*v**2. Give m(0).
3
Suppose 10 = 115*d - 120*d, d - 2 = 2*l. Let u(j) = j - 1. Let a(p) = p + 7. Let c(v) = -7. Let h(r) = 2*a(r) + 3*c(r). Let x(g) = h(g) - 5*u(g). What is x(l)?
4
Let y(k) be the third derivative of k**5/60 - 3*k**4/8 + 3*k**3/2 - 4*k**2 + 61. Let b(o) = 6*o + 1. Let u be b(1). What is y(u)?
-5
Let l be 4*(21237/18 + 1/6). Let w(g) = g + 4718 + g - 4*g - l. Determine w(-4).
6
Let t = -601 + 181. Let s = -415 - t. Let i(m) = 4*m**2 + 5*m + 4. Let k(v) = -v**2. Let z(q) = i(q) + 6*k(q). Calculate z(s).
-21
Let u(m) = m**2 + 18*m + 17. Let j be u(-17). Let s(i) be the second derivative of -6*i - 1/3*i**3 + 1/2*i**2 - 1/6*i**4 + j. Calculate s(-2).
-3
Let y(r) be the third derivative of -r**5/30 + 19*r**4/24 - 17*r**3/3 + 27*r**2 - 5. Determine y(6).
8
Let q(i) = -i**3 - 10*i**2 + 12*i + 16. Let b(l) = 2*l**3 + 25*l**2 + 14*l + 28. Let c be b(-12). Let n be (-39)/9 + c - 32/3. Give q(n).
5
Let p(n) = -2*n**2 + 32*n + 36. Let f be p(17). Let m(g) = 4*g**f + 3 + g - 5*g**3 - g**2 + 0*g + 3*g**3 + 3*g**3. Calculate m(-3).
0
Let z(c) = -2 - 7*c**2 - 29*c - 41*c + c**3 + 76*c. Suppose -6*q = -166 + 130. What is z(q)?
-2
Let s(g) = -g**2 + g + 2. Let m be s(2). Let t(k) be the second derivative of 13/2*k**2 + 3*k - 3 + 0*k**3 + 1/12*k**4. Determine t(m).
13
Let m(i) be the first derivative of -i**4/4 + 8*i**3/3 - 3*i**2 - 2*i + 64. Let u be (-2)/((-2 - -6) + -2). Let o be 2 + -2 - u - -6. What is m(o)?
5
Let a(u) = u**2 - 14*u + 19. Suppose -55*g = 3*v - 45*g - 29, v - g - 14 = 0. Give a(v).
6
Let r = 66 + -63. Let x(z) = -z**2 - 2*z**r + 1 - z**3 - 22*z + 24*z. Let l = 23 + -21. What is x(l)?
-23
Let n(h) = 4*h + 453. Let b(j) = -23*j - 2643. Let i(v) = 6*b(v) + 35*n(v). Let k(f) = f**2 - 5*f + 5. Let t be k(5). Calculate i(t).
7
Let b(j) = 3*j**3 - 15*j**2 + 8*j + 16. Let a(x) = -8*x**3 + 42*x**2 - 24*x - 44. Let o(z) = 4*a(z) + 11*b(z). What is o(-5)?
-10
Let n(b) = 19*b**3 + 1. Let c be -11 - -15 - 4 - (2 - 61). Suppose -5*p - 63*f + 7 = -c*f, 2*p + 2*f = 4. Determine n(p).
-18
Let f(i) = -7*i**3 - 7*i**2 - 39*i + 4. Let d(o) = o**3 - o**2 + 3*o + 1. Let v(l) = 6*d(l) + f(l). Calculate v(-11).
-1
Let a be (-6)/(-2 + (-4)/(-8)). Let m be ((3*a)/(-2))/(8/12). Let t = 11 + m. Let p(h) = 2*h**2 - 4*h + 3. What is p(t)?
3
Let g = 8 - -2. Let n(x) = 7 - 3 + 2*x - 3 + g. What is n(-9)?
-7
Let q(l) be the second derivative of 15/2*l**2 - 40*l - 1/2*l**3 - 2. Determine q(6).
-3
Let k(w) = 11*w + 8. Let y(j) = 13*j + 8. Let s be 20/(-12)*(-90)/25. Let m(i) = s*k(i) - 5*y(i). What is m(-14)?
-6
Let f(s) = -s**2 - 99*s + 199. Let a be f(-101). Let h(c) = 4*c + 20. Calculate h(a).
8
Let b(y) = y + 3. Let p(c) = 37*c - 158. Let g be p(-12). Let o be g/(-98) - (4/7)/4. Give b(o).
9
Let p(b) = 13*b - 32. Let w(l) = -l**3 + 16*l**2 + 19*l - 300. Let m be w(16). What is p(m)?
20
Let o(u) = -u - 152. Let h(s) = -3*s - 419. Let c(j) = -4*h(j) + 11*o(j). Determine c(8).
12
Let l(d) = 5*d + 5. Let x(s) = s**2 - 15*s + 36. Let m be x(3). Let v be l(m). Let h(u) = -2*u**2 + 4*u. Determine h(v).
-30
Let p(d) = -d**2 + 6. Let x be p(4). Let z(u) = -2*u**3 + 6*u**2 - 15*u - 12. Let t(w) = -w**3 + 7*w**2 - 14*w - 13. Let k(g) = -3*t(g) + 2*z(g). What is k(x)?
-5
Let b(f) = -f**3 + 18*f**2 - 18*f + 25. Suppose 0 = 7*p + 2*p + 5*p - 238. Calculate b(p).
8
Let m be (4 - 3) + -4 - (0 + -5). Let d(c) = 10*c + 2*c**m + 546 - 547 - c**2. What is d(-9)?
-10
Let c(v) = 16*v - 19. Let l be c(7). Suppose -91*p + l*p = -6. Let h(a) be the second derivative of a**5/20 + a**4/6 - a**3/3 - a**2/2 + 4*a. Give h(p).
-4
Let z(s) = -62*s - 12*s + 85*s + 4*s**2 + 2 - 11*s. Let g be -1 + 0 + -2 + 5. What is z(g)?
18
Let a = 13321/12 + -1110. Let f(t) be the third derivative of 0 + 0*t - 14*t**2 + a*t**4 + t**3. Give f(-5).
-4
Let k(x) = 17*x + 4 + 17*x - 51*x + 20*x. Determine k(-3).
-5
Let k(y) = y**3 - 14*y**2 - 28*y + 46. Let s(p) = p**3 - 15*p**2 - 33*p + 48. Let g(z) = 7*k(z) - 6*s(z). Determine g(7).
-1
Let t(o) = o**3 + 5*o**2 + 3*o - 4. Suppose 0 = -32*c - 333 - 403. Suppose 5*i - 5*h - 3 - 117 = 0, -96 = -5*i - h. Let q = c + i. Determine t(q).
5
Let n(r) = r + 6. Let w(d) = -2*d**2 - 22*d - 6. Suppose 2*o = -4 + 12. Suppose 3*f = o*f + 11. Let c be w(f). Give n(c).
0
Let l(v) be the second derivative of v**4/12 - 5*v**3/6 - 3*v**2/2 - 18*v - 13. What is l(6)?
3
Let l = -13 + 12. Let v(z) = 7*z**2 - 2 - 6*z + 17*z - 10*z. Let b(k) = k**2. Let y(j) = l*v(j) + 6*b(j). Give y(-3).
-4
Let h(l) = -85*l - 9. Let y(i) = 192*i + 18. Let b(n) = -9*h(n) - 4*y(n). Give b(4).
-3
Let c(i) be the third derivative of -i**6/360 - i**5/60 + 7*i**4/24 + 23*i**3/3 - 79*i**2. Let b(o) be the first derivative of c(o). Determine b(-5).
-8
Let a(q) = -5*q - q**3 - 2*q**2 - 2*q - 5780 + 5775 - q**2. What is a(-2)?
5
Let o(f) = f**2 - 2*f + 4. Suppose -11*k - 297 = -20*k. Suppose 41*y - 52*y = -k. Determine o(y).
7
Suppose 0 = -9*z - 12*z. Let r(v) be the second derivative of v**3/6 - 16*v. Determine r(z).
0
Suppose -5*q + 5 = -2*s, 5*q - 4*s - 15 = -0*q. Let w(r) = -112*r**2 - 3*r - 4. What is w(q)?
-113
Let u(s) = s**3 + 12*s**2 + 13*s + 9. Suppose -31*i - 124 = 217. Give u(i).
-13
Let y(b) = 2*b**2 + 3*b + 3. Let p = 313 + -97. Let d =